ate the highest common factor of f and 30.
10
Suppose 0 = -4*j + 7*j. Suppose -5*s + 4*o = -252, s - 54 = -j*o - o. Suppose 0*f - f = -13. What is the highest common factor of s and f?
13
Let b be (-12)/10*24990/(-68). Calculate the highest common divisor of 9 and b.
9
Let d be 5 - (0 - 2) - 3. Suppose 2*g - 66 = -d*o, 2*g - g - 5 = 0. Calculate the highest common divisor of 154 and o.
14
Let a = 497 - -387. What is the greatest common factor of 52 and a?
52
Suppose 8*q + 61 + 267 = 0. Let n = q - -43. What is the greatest common factor of n and 10?
2
Let g = -210 - -273. What is the highest common divisor of g and 7?
7
Let p(u) = 2*u - 8. Let i be p(6). Let z be 83/5 - i/(-10). Suppose -2*b + 3*b = j - 13, 4*j - 3*b - 56 = 0. Calculate the highest common divisor of z and j.
17
Let r = -58 + 174. Suppose -r = -6*g + 28. Let j be (-123)/(-15) - (-3)/(-15). What is the highest common divisor of j and g?
8
Suppose -1192 = -7*m + 537. What is the greatest common factor of 38 and m?
19
Let h be (1 - 0)*(-1 - -59). Let j = h - 34. Let a = j - 14. Calculate the greatest common factor of 15 and a.
5
Suppose -2*y = -3*c, y - 5*c + 4 = -y. Suppose 0 = 601*r - 584*r - 408. Calculate the greatest common divisor of r and y.
3
Suppose -27*r + 23*r - 1360 = -72*r. Let d(v) = 2*v - 2. Let w be d(3). What is the greatest common divisor of w and r?
4
Let y be (4 - 1)/(-1 + 21/12). Suppose 56 = 4*t - 0*t - y*k, -3*t + k = -34. Calculate the greatest common factor of t and 40.
10
Suppose -2*p = -0*p - 8. Let i = p + 1. Suppose -i*r + r + 280 = 0. What is the greatest common divisor of r and 10?
10
Let p be 648/(38/20 - 26/65). Calculate the greatest common divisor of 16 and p.
16
Suppose -r + 9*r - 264 = 0. Calculate the greatest common factor of r and 9.
3
Let g be 7*(1 + 36/(-63)). What is the greatest common factor of g and 72?
3
Suppose -2*m + 1 + 7 = 0. Suppose -w = -8 + m. Suppose -5*h + 0*h = -w*a + 55, -a + 4*h = -22. Calculate the greatest common factor of 40 and a.
10
Suppose 3*a + 1596 = 5*a. What is the highest common factor of a and 84?
42
Let u be -5 - -103 - 1 - 1. Suppose u = -15*d + 17*d. What is the highest common factor of 72 and d?
24
Let w(x) = 4*x**2 + 24*x + 24. Let f be w(-7). What is the highest common divisor of f and 16?
4
Suppose 0 = -3*c + 4*a + 832, -2*c - 22*a = -20*a - 536. Calculate the highest common factor of c and 102.
34
Suppose -250 = -4*n - 2*u + 104, 4*n - 374 = 2*u. Calculate the highest common divisor of 52 and n.
13
Let f be (1/((-2)/(-2)))/((-2)/(-76)). Calculate the highest common factor of 494 and f.
38
Let p(i) = 2*i - 3. Let q be p(7). Suppose -29 = -4*k + q. Let v = 1435 + -1365. Calculate the greatest common factor of v and k.
10
Let p(s) = 7*s - 36. Let k be p(16). Calculate the greatest common divisor of k and 38.
38
Let f(y) = -2*y**3 - 2*y**2 + y. Let u be f(-2). Suppose -v + 15 = -u*v. Let r be 33 + (v - -6 - 0). What is the greatest common divisor of r and 12?
12
Let u be (-6)/2*(66/(-18) - 4). Calculate the greatest common divisor of u and 529.
23
Suppose 2*q - q - 1 = 0. Let y(i) = -18*i + 2. Let w(v) = -v. Let g(m) = 5*w(m) - y(m). Let c be g(1). What is the greatest common divisor of q and c?
1
Let p = -27 - -30. Suppose 2*y + 24 = p*y + 2*t, -4*t + 80 = 4*y. Let w = 140 - 12. Calculate the highest common factor of w and y.
16
Suppose -13*c = -24 - 28. Let z be 31 + (2 - 0) + -1. Calculate the highest common factor of c and z.
4
Let g = -8 - -8. Suppose -3*x - x + 52 = g. Let u(v) = 23*v + 5. Let a be u(6). What is the greatest common divisor of a and x?
13
Let b(d) = -d**3 - 15*d**2 + 14*d - 28. Let z be b(-16). Suppose -3*f + f + 58 = 2*j, 0 = 5*f + z*j - 142. What is the highest common divisor of f and 52?
26
Let b = 38 + -28. What is the highest common divisor of 605 and b?
5
Let m(u) = -u**2 + 7*u + 45. Let g be m(11). Suppose 3*w + 1 = 10. Calculate the greatest common factor of w and g.
1
Suppose -5*z - 25 = 0, -4*z = -5*g + 3*g - 292. Suppose 0 = 2*s - 5*x - 5, s + s = -x + 23. Let a be s/(-3)*g/8. What is the highest common divisor of 26 and a?
13
Let l(k) = k**2 - 12*k - 25. Let j be l(15). Calculate the highest common divisor of j and 220.
20
Let m be (312/(-9))/(2/9). Let t be m/(-42) - 2/(-7). Suppose -5*n = -5*i + 60, t*i - 19 = 3*n + 32. What is the highest common divisor of i and 10?
5
Let l = 27 - 29. Let m be 3 + (-15 - l/2). Let n = m + 39. Calculate the greatest common factor of n and 112.
28
Suppose 63*x = 68*x - 5. Let p(k) = -k**3 - 7*k**2 - 6*k + 7. Let r be p(-6). Calculate the highest common divisor of r and x.
1
Let v(d) = d**2 + 3*d + 2. Let f be v(-3). Let j(k) be the second derivative of k**4/12 + 2*k. Let m be j(f). Calculate the greatest common divisor of m and 2.
2
Suppose 4*t + 25 = -t. Let d(g) = 5*g**2 - 7*g - 17. Let s be d(t). What is the highest common factor of s and 13?
13
Let d be ((-2)/4)/((-2)/(-192)). Let x(c) = 6*c**2 + 16*c - 5. Let r be x(2). Let f = r - d. Calculate the greatest common factor of 33 and f.
33
Let v be ((-4)/(-5))/((-3)/(-300)). Suppose -3*q + 8 = 2*z + 2*q, 0 = q. Suppose 50 = z*d + d. Calculate the greatest common factor of d and v.
10
Let d(p) be the second derivative of p**3/6 + 17*p**2/2 - 17*p. Let t be d(-5). Calculate the highest common divisor of t and 84.
12
Let h be (-22)/(-99) - (-16)/9. Suppose -d - h*t = 5 + 1, -t = -5*d + 3. Suppose 0 = 2*s - 4 - d. Calculate the highest common factor of s and 1.
1
Suppose 0*v + 1985 = 5*v. Let c = v + -199. What is the greatest common factor of c and 18?
18
Let v be (11 - 77)*(-1)/2. Let w = 32 - -1. Calculate the highest common divisor of w and v.
33
Let o(r) = -103*r - 100. Let v be o(-1). What is the highest common factor of v and 366?
3
Let c = 1146 - 272. Calculate the highest common factor of c and 46.
46
Suppose 120*y - 119*y = 2. Calculate the highest common factor of y and 13.
1
Let a(k) = -106*k - 1. Suppose -2 - 6 = -2*z. Suppose z*w + 24 - 3 = -s, s = w + 4. Let h be a(s). What is the greatest common factor of h and 15?
15
Suppose 8*o + 12 = 108. Calculate the highest common divisor of 132 and o.
12
Let d(t) = t**3 - 6*t**2 + 3*t - 9. Let l be d(7). Let f = 88 - l. Calculate the greatest common factor of f and 108.
27
Let y = -1325 + 1424. What is the greatest common factor of 363 and y?
33
Let r(h) = 3*h**2 - 5*h - 32. Let j be r(-4). What is the highest common divisor of 288 and j?
36
Let n(a) = -a**3 - 6*a**2 - 5*a - 3. Let i be n(-6). Let l = -390 + 579. What is the highest common divisor of l and i?
27
Suppose -3*l + 15 = -6*l. Let c = 9 + l. Suppose o - 60 = -c*o. What is the greatest common factor of 108 and o?
12
Let u be 2/(1*8/(-76)). Let t be u/(-2) - 4/(-8). What is the greatest common factor of t and 4?
2
Let o be 3/((-12)/904) + 0. Let p = -129 - o. Suppose -4*u - 3*t + 131 + 102 = 0, 2*u = 5*t + p. What is the highest common divisor of 8 and u?
8
Let m be (-3132)/(-24) + 3/2. Suppose 4*y - 79 = -31. Calculate the highest common factor of m and y.
12
Let n = 202 - 172. Calculate the greatest common factor of n and 12.
6
Suppose 23*n - 35 = 11. What is the highest common factor of n and 128?
2
Let a(r) = -11*r - 107. Let n be a(-13). Let u(k) = -6*k**2 - 2*k - 1. Let c be u(-1). Let x = c - -41. Calculate the highest common divisor of n and x.
36
Let y(f) = -f**3 - 10*f**2 + 11*f. Let n be y(-11). Suppose 2*q - 8*q + 114 = n. What is the greatest common divisor of q and 38?
19
Suppose 5*t + 2*h - 5 = -3*h, t - 2*h = -2. Suppose 0*w + 4*w = -4*x, t = 2*x + w - 2. What is the greatest common factor of x and 4?
2
Suppose -n - 5 = 0, 2*j - 5 = -2*n + n. Suppose -j*v + 3 + 27 = 0. Calculate the greatest common divisor of v and 6.
6
Let q = 3022 + -2965. What is the highest common factor of 12 and q?
3
Suppose 0 = 3*n - t - 2*t - 51, 0 = -3*t + 9. What is the highest common divisor of 610 and n?
10
Let f = -124 + 112. Let z be (f/(-18))/(4/90). What is the greatest common factor of 3 and z?
3
Suppose 4*v + 0 = 8. Let n be 0 - (8*-1)/v. Suppose -3*z + 2*m = 4*m - 39, 5*z + n*m = 67. Calculate the greatest common factor of 22 and z.
11
Suppose 5*m = 2*m - 9, -4*g - 5*m + 9 = 0. Suppose 15 = -t - g. Let j be (39/(-4))/(t/56). What is the greatest common factor of j and 18